. What is the hundreds digit of q?
1
Let k(u) = 1023*u**2 - 342*u - 1039. What is the units digit of k(-3)?
4
Let o = 1062 - 630. Suppose 0 = 37*x - 34*x + 5*v - o, 5*x + 4*v - 733 = 0. What is the tens digit of x?
4
Suppose 0 = -n + 2*w - 1548, w = -0*n + 4*n + 6178. Let o be (-6)/4 + n/(-16). What is the units digit of 3/(3/o) + 0 + -1?
4
Suppose 0 = -b - 4*i + 3, 2*b + 5*i = 5 + 4. Suppose 21 = 3*u + 5*t, 0*t = u - 3*t + b. Suppose -4*y = 3*p - 591, u*y = y. What is the units digit of p?
7
Suppose -4*b + 2375 = -5*m, 3*b + m = 5*b - 1189. Let v = -304 + b. What is the tens digit of v?
9
Let y be ((-549)/12)/(9/(-24)). Suppose -y = -5*p + 3*p. Suppose 10*c + p - 341 = 0. What is the units digit of c?
8
What is the ten thousands digit of 2/(-18) + 55475463/1566 - 1/(-6)?
3
Suppose 2*r + 4*m + 16 = 4*r, -r - 2*m = 4. Let j be ((-2050)/(-15))/(8/12). Suppose -r*v + j = -325. What is the tens digit of v?
6
Suppose -5*j - 16 = 4*b, -5*b - 13 = j + 7. Let m be j + 5445/36 + 2/(-8). Suppose 0 = 3*a - 26 - m. What is the tens digit of a?
5
Let z(f) = 473*f**3 + f**2 - 8*f + 7. Let n(u) = -u**3 - 21*u**2 - 36*u + 39. Let t be n(-19). What is the hundreds digit of z(t)?
4
Let g(b) = 792*b - 400. What is the thousands digit of g(49)?
8
Let b = 2199 + -971. Let f be (-1001)/3*(-1 - 2). Suppose -5*d = -a - f - 223, 3*a - b = -5*d. What is the tens digit of d?
4
Let k(w) = 53*w**2 - 2*w - 2. Let c(y) = -3*y**3 - 2*y**2 + 2. Let a be c(-1). Suppose 4*j + 2 = 4*f + 6, -a*f + 9 = 3*j. What is the hundreds digit of k(j)?
2
Let w(j) = 39*j**2 - 8*j + 5. Let k be 31*(14 - 15)*1*-1. Let u = 33 - k. What is the hundreds digit of w(u)?
1
Let d = -1997 - -3092. What is the hundreds digit of d?
0
Suppose -227*i + 167*i + 66780 = 0. What is the hundreds digit of i?
1
Suppose 4*k - 74 = -2*z - 8, -z = -2*k - 45. Suppose 2*i - z = 61. What is the tens digit of i?
5
Let z be 2 + 3 - 18/(13 - 4). Let y(s) = 34*s**2 + 21*s - 32. What is the hundreds digit of y(z)?
3
Suppose 0 = -n + 4*z + 17, 0*z = -n + 2*z + 11. Suppose -n*w = 153 - 1393. Suppose -4*r + w = -2*j - 2*j, -3*j = 9. What is the units digit of r?
9
Let f = -685 - 5. What is the hundreds digit of ((-55)/3)/(-7 + f/(-99))?
6
Suppose 0 = -7*q + 13 - 13. Suppose 0 = 2*t - 0*t + 4*s - 140, q = 2*s + 2. Suppose v - t = 14. What is the tens digit of v?
8
Let x(p) = 415*p - 1671. What is the tens digit of x(9)?
6
Let w(m) = 34*m**2 + 2*m + 4. Let r(x) = -x**3 - 2*x**2 - 2. Let a be r(-2). Let b be w(a). Let p = 228 - b. What is the tens digit of p?
9
Let m be (-46 - -36)*(0 - (-264)/(-10)). Suppose m + 513 = y. What is the hundreds digit of y?
7
Let b(x) = -440*x + 207. What is the units digit of b(-87)?
7
Suppose -4*y - 1330 + 4209 = 3*x, -3*x = -y + 701. Suppose 21*n - 23*n + y = 0. What is the hundreds digit of n?
3
Let b = -196 - -484. Suppose -3*o + 4*x = -b, -5*o + 0*x + 491 = -3*x. What is the hundreds digit of o?
1
Let m = -531 + 996. Suppose -m = 4*a - 2137. What is the hundreds digit of a?
4
Let u(h) = -h**2 - 1. Let f(m) = 3*m**2 - 9*m - 29. Let n(r) = -f(r) - 2*u(r). Let j be n(11). What is the units digit of j/(-45) - 742/(-10)?
4
Suppose -5*q - 368*h + 369*h = -157600, 3*q - 94560 = h. What is the tens digit of q?
2
Suppose 2*d + 58*t = 54*t + 83410, -3*t = d - 41700. What is the units digit of d?
5
Let b = -372 + 376. Let r(v) = 216*v - 156. What is the units digit of r(b)?
8
Let q(l) = 216*l**2 + 288*l - 3. What is the units digit of q(-5)?
7
Suppose -3*t + 8 = 5*b, -2*t - 31 = -4*b - 7. Suppose 0 = 36*y - b*y - 9536. What is the units digit of y?
8
Let m(i) = -62*i - 55. Let p be m(-9). Suppose 3*c + 2*c = -4*q + p, 4*c + 548 = 4*q. What is the units digit of q?
2
Suppose -i - l = -2111, -7*l + 10*l + 4217 = 2*i. What is the hundreds digit of i?
1
Suppose 23295 = 12*o + 3*o. Let z = 2273 - o. What is the units digit of z?
0
What is the tens digit of 6410 - (-120)/135*-9?
0
Let w be 8 - (32/(-8) + -2003). Let r = w - 1041. What is the units digit of r?
4
Let c(z) = 15*z - 74. Let j be c(22). Suppose -2*t + 2*v = -j - 344, -2*t - 5*v + 635 = 0. What is the units digit of t?
5
Suppose -4*n + 141563 = 2*p + 3*p, 2*n - 5*p - 70819 = 0. What is the ten thousands digit of n?
3
Suppose -32*w + 476791 + 357756 = 28211. What is the units digit of w?
8
Suppose 18 + 12 = -m + 5*w, m = 4*w - 32. Let s = 42 + m. What is the tens digit of (-7 - -6) + s + 69?
7
Let w(u) = -22*u**3 + u**2 - 4. Let k(t) = -t**2 - 3*t + 2. Let f be k(-4). Let y be w(f). Suppose -y*d + 570 = -171*d. What is the tens digit of d?
1
Let h = 49 + -47. Suppose h*f + 1 = -g - 2*f, 3*f - 6 = 0. Let d(p) = -20*p + 13. What is the tens digit of d(g)?
9
Let y = -4697 + 17503. What is the thousands digit of y?
2
Let g = 95 + -103. What is the hundreds digit of 774 - 1 - g/(1 + 7)?
7
Suppose 284 = 7*j - 3321. Suppose -b - b - 1390 = 4*c, -5*c = -4*b + 1770. Let g = j + c. What is the hundreds digit of g?
1
Suppose -2*p = -3*x - 17230, -7*x - 68884 = -8*p - 4*x. What is the hundreds digit of p?
6
What is the hundreds digit of 65/(3510/72) + (-30548)/(-3)?
1
Let b = 81 - -14. Let f = b - 111. Let n = 305 + f. What is the hundreds digit of n?
2
Suppose 1982 = z + r - 2*r, -3*r = -4*z + 7924. Suppose -2*x - 34*n + 39*n = -z, -2*n - 989 = -x. What is the tens digit of x?
8
Let y(q) = -19*q**2 - 10*q + 69. Let j(c) = -13*c**2 - 6*c + 46. Let k(s) = 7*j(s) - 5*y(s). What is the units digit of k(6)?
9
Suppose 0 = 29*v - 82*v + 44534 + 1040747. What is the tens digit of v?
7
Let h = 50 - 50. Let o(t) = t**3 - 2*t**2 - t + 249. Let y be o(h). Suppose y = 55*k - 52*k. What is the tens digit of k?
8
Let g = -1228 - -3016. What is the hundreds digit of g?
7
Suppose 45*l - 480521 = 15379. What is the units digit of l?
0
Let d = -277 + 146. Let q = d - -311. What is the tens digit of q?
8
Suppose -107 = 2*k - 91. What is the tens digit of ((-3771)/12)/((-1)/(k/(-3)))?
3
Suppose 0 = -3*m - 3*w + 4*w + 3163, 1081 = m + 5*w. Suppose 4*y - 4621 + m = -5*c, y = 5. What is the hundreds digit of c?
7
Suppose -241*r + 2833426 = 168689. What is the tens digit of r?
5
Let t(h) = -2*h**3 + 192*h**2 + 884*h - 5. What is the units digit of t(100)?
5
Suppose 113*l - 117*l + 5 = -b, 0 = 3*b - 9. Suppose -25*k + 10 = -27*k, 2*k + 72 = l*d. What is the units digit of d?
1
Let j = 138622 + -76569. What is the thousands digit of j?
2
Suppose -17*b + 44174 = 4*b - 171853. What is the ten thousands digit of b?
1
Let a = -15 - -51. Let i = 40 - a. Suppose i*n - 5*y = 51, -2*n + 0*y = y - 29. What is the units digit of n?
4
What is the hundreds digit of ((-126)/(-105))/(((-4)/(-10655))/2)?
3
What is the units digit of (-128)/144 - 3128214/(-54)?
9
Suppose -i + 10242 = k, -22*i + 51259 = 5*k - 24*i. What is the thousands digit of k?
0
Suppose 19*a = 15*a + 15516. Let h = a - 1948. What is the tens digit of h?
3
What is the hundreds digit of (425/(-10) - -12)*-4?
1
Suppose -2*i = -11 + 1. Suppose -3*p + 5*p = -i*u + 4, 2*p + 2*u - 4 = 0. Suppose -p*a + 258 = 2*r, 4*a - 4*r - 270 - 214 = 0. What is the units digit of a?
5
Let m(z) = -2*z - 65. Let t be m(-14). Let r = t + 534. What is the units digit of r?
7
Suppose -4*w - 9 - 27 = 0. Let t(h) = h**3 + 11*h**2 + 9*h - 10. Let g be t(w). Suppose o - 9 = g. What is the units digit of o?
0
Suppose 3*c - 2*q = 8, 3*c - 4*q = c + 16. Suppose 5*k + 82 - 97 = c. Suppose 0*f - 5*u = f - 60, -f = k*u - 58. What is the tens digit of f?
5
Suppose 0 = -33*a + 4*a + 58. Suppose 2*o - 2*k - 232 = 0, 4*o - a*k - 263 - 203 = 0. What is the tens digit of o?
1
Let m = -73340 - -104099. What is the units digit of m?
9
Let v(d) = d**3 + 15*d**2 - d + 2882. What is the units digit of v(0)?
2
Let d = 31 - 4. Let w be 6/(-10)*(d + -62). Let y = 159 - w. What is the units digit of y?
8
Let l = -62 - -39. Let z(t) = -16*t - 51. What is the tens digit of z(l)?
1
Let h(x) = -3*x**2 + 193*x + 36. What is the hundreds digit of h(34)?
1
Let w(v) = -4*v + 3. Let y(a) = -5*a + 2. Let n(o) = 4*w(o) - 3*y(o). What is the tens digit of n(-20)?
2
Let t(k) = 2*k**3 - 8*k**2 + 9*k - 6. Let h be t(5). Let b = h - -249. What is the tens digit of b?
3
Let k(v) = 14*v**3 + 44*v**2 - 47*v + 66. Let b(o) = 5*o**3 + 15*o**2 - 16*o + 22. Let m(c) = 17*b(c) - 6*k(c). What is the 